t common divisor of h and 10.
10
Let r = -8 - -3. Let c be 0 - (2 + r - 2). Let t(s) = 3*s - 1. Let j be t(1). What is the highest common factor of c and j?
1
Let i = -5 + 10. Let f = i - 3. Suppose -16 = -4*v, -2*j - f*v + 6 = -20. Calculate the highest common divisor of 81 and j.
9
Let q = -9 - -10. Let s = q + 39. Let b be 1/(-2) + (-42)/(-4). Calculate the highest common factor of s and b.
10
Let n be 4220/50 + 2/(-5). Calculate the greatest common divisor of 12 and n.
12
Let w = -1 + -18. Let k = 42 + w. Calculate the greatest common divisor of k and 46.
23
Let r(a) = 7*a + 4. Let z be r(-3). Let v = z - -44. Let y(n) = n**2 - n + 3. Let d be y(3). Calculate the greatest common factor of d and v.
9
Let w(l) = l**3 + 7*l**2 - 11*l - 10. Let p(i) = -3*i + 4. Let c be p(4). Let o be w(c). Let d = o + -10. What is the greatest common factor of 28 and d?
4
Suppose 3*c - 4*o - 184 = 0, -4*o + 7 = -1. What is the highest common factor of c and 16?
16
Let n(h) = 2*h**2 + 3*h - 2. Let b be n(1). Calculate the highest common divisor of 12 and b.
3
Let k(u) = -3*u**3 + u**2 + u. Suppose 3 = 2*b + 5. Let l be k(b). Let x = l + 1. Calculate the greatest common divisor of 8 and x.
4
Let b be 12*(26/6 - 2). Let x be (1/2)/(1/b). Let o(z) = 108*z**2 - 2*z + 2. Let g be o(-1). Calculate the highest common divisor of x and g.
14
Let t be (6/9)/((-1)/(-3)). Let u(n) = 5*n**2 - n + 2. Let v be u(t). What is the greatest common divisor of v and 20?
20
Let v(k) = 3*k**3 - 5*k**2 + 3*k. Let l be v(3). Let g = -379 + 384. Calculate the greatest common divisor of l and g.
5
Let q(w) = 5*w - 5. Let u be q(5). Calculate the greatest common factor of u and 30.
10
Let j(m) = -m**3 + 0*m**3 + 1 + 1 + 3*m**2 + 2*m - 6*m**2. Let b be j(-4). Calculate the highest common divisor of b and 90.
10
Suppose 5*q - 16 = 29. Let m(u) = 18*u**2. Let a be m(-5). Suppose 0 = -9*d + 4*d + a. Calculate the highest common factor of d and q.
9
Let r(f) = f**2 + 8*f + 8. Let z be r(-12). What is the greatest common divisor of 8 and z?
8
Let r = -85 - -225. What is the highest common factor of r and 40?
20
Let b = 1 + -3. Let i be 12/b - (-3 - -2). Let p(k) = 4*k**2 + 6*k. Let d be p(i). What is the greatest common factor of d and 10?
10
Let g = 0 + -18. Let o = g - -29. Calculate the highest common divisor of 11 and o.
11
Let a(j) = -7 + 5*j + 2*j + 3. Let z be a(3). What is the highest common factor of z and 136?
17
Let m be (-2)/9 - 542/(-9). Suppose -6*j + m = -0*j. What is the greatest common factor of 50 and j?
10
Let t be 3/(-9) - (-2)/(-3). Let a be (5 - t) + 1 + 1. Suppose 15 = 4*w - y - 19, 0 = 4*y + a. What is the highest common factor of w and 88?
8
Suppose 79 = d - 3*q, 0 = -2*d + 3*q - 29 + 196. Let l be d/6 - (-2)/(-3). Suppose 0*n = -3*n + 420. What is the greatest common divisor of n and l?
14
Let x(b) = -2*b - 19. Let j be x(-17). Let n be (-6)/(-21) - 626/(-14). Calculate the greatest common factor of n and j.
15
Let t(h) = h**2 + 5*h. Let b be t(-5). Let o = b + 4. Let x be 0/o + 2/1. What is the greatest common factor of 16 and x?
2
Suppose m = 4 + 22. Calculate the highest common divisor of m and 13.
13
Let d = 47 + 97. Calculate the greatest common divisor of 32 and d.
16
Let j(t) = -t**2 - 8*t + 11. Let x be j(-8). Suppose -4*m + 23 = -61. Suppose 2*o + 2*w = 58, -o + 0*w + m = 3*w. What is the highest common factor of o and x?
11
Let r = -126 - -54. Let u be ((-6)/4)/(1/r). What is the greatest common factor of 12 and u?
12
Let n be 4 + 15/(-3) + 47. Calculate the highest common factor of 506 and n.
46
Let a be 3*(0/(-3) + 1). Suppose -a*j - 96 = j. Let l = 71 - j. Calculate the highest common divisor of l and 38.
19
Let f = 9 + -5. Calculate the highest common divisor of f and 20.
4
Let u(j) = j**3 - 2*j**2 - 5*j - 4. Let t be u(6). Let h be t*(0 + -2 + 3). Suppose -23 = -8*d + 57. What is the highest common divisor of d and h?
10
Let h be -1*2 + 52/4. Calculate the highest common divisor of 121 and h.
11
Suppose -4*y = n - 133, 5*y + 42 - 182 = 4*n. Calculate the greatest common factor of 8 and y.
8
Let b = 163 - 128. What is the greatest common factor of 14 and b?
7
Suppose -2*w - 4*y + 60 = 2*w, 0 = -4*w + 3*y + 67. Suppose 32 - 176 = -b. Calculate the highest common divisor of b and w.
16
Let v(u) = -u**2 + 2. Let a be v(2). Let p be 9/a*2*-2. Suppose -g = -3*g + 4. Calculate the highest common factor of p and g.
2
Let r(n) = -n + 4. Let x be r(-3). Suppose 0 = 2*k + x + 13. Let d = 6 - k. Calculate the highest common factor of d and 24.
8
Let t be (56/(-21))/((-2)/39). Suppose -24 = -4*c + t. Calculate the highest common factor of 19 and c.
19
Let t be ((-7)/14)/((-2)/56). What is the greatest common divisor of 2 and t?
2
Let v(c) = 7*c - 6. Let b be v(6). Suppose 5*q - 2*q - b = 0. Calculate the greatest common divisor of 3 and q.
3
Suppose 0 = -7*w + 14*w - 98. What is the highest common factor of w and 14?
14
Suppose 4*t - s = 2*t + 26, 0 = 3*t + 2*s - 25. What is the greatest common factor of 77 and t?
11
Let s(o) = o**3 - 2*o**2 - 7*o + 5. Let v be s(4). Let d = v - -27. Calculate the greatest common divisor of d and 4.
4
Let z be 2/(-4)*-78 + 3. What is the greatest common factor of 6 and z?
6
Let v(j) = -10*j + 1. Let k be v(-16). Calculate the greatest common divisor of k and 23.
23
Suppose 2*x = 100 - 2. Let c = 28 - 21. Calculate the greatest common factor of x and c.
7
Let h(c) = -c**3 - 5*c**2 + 4*c - 6. Let a be h(-6). Let b(q) = q + 14. Let l be b(-12). What is the highest common divisor of l and a?
2
Let v be 10/(-15) + (-21)/9 - -123. What is the highest common divisor of v and 24?
24
Let o(f) = f**2 + 7*f + 1. Let x be o(-10). Suppose -3*g + 40 = g. Let n = x - g. What is the greatest common divisor of n and 7?
7
Let q be (-1)/(130/66 - 2). Let d(m) = -m**3 - 9*m**2 - 13*m + 10. Let i be d(-7). What is the highest common factor of q and i?
3
Let i = 6 + 34. Let x be 40/6 - i/60. What is the greatest common factor of 18 and x?
6
Let w be (-36)/(-4) - (1 + -1). What is the greatest common factor of 36 and w?
9
Let r = -36 + 50. Suppose -5*d - 177 = -m + 2, 3*d - 4*m = -104. Let c = -15 - d. Calculate the greatest common divisor of c and r.
7
Let k(x) = -x**2 + 6*x - 5. Let c be k(4). Suppose -c*h = 2*p + 14, h - 1 = 1. Let w be (-4)/p + 534/15. Calculate the greatest common factor of 4 and w.
4
Suppose 15 = -k + 19. Let b = 6 + k. Calculate the highest common divisor of b and 2.
2
Suppose 0 = 4*d - 4*p - 48, 2*p = -0*d + 5*d - 45. Calculate the greatest common factor of 49 and d.
7
Let q = -5 - -94. Let z = 126 - q. Suppose 0 = 4*f - 19 - z. What is the greatest common divisor of 7 and f?
7
Let p(i) = -i**3 + 6*i**2 + 2*i + 6. Let v be p(6). Let t = 37 + v. What is the greatest common factor of t and 5?
5
Let p = 25 - 163. Let z be ((-1)/2)/(3/p). Suppose 5*j - 12 = -d, d = -3*d + 5*j + z. What is the greatest common factor of d and 35?
7
Suppose 0 = -q - 0 + 6. Calculate the highest common factor of 12 and q.
6
Suppose 0 = -3*h - 3*g + 138, -202 = -3*h - g - 72. Calculate the highest common divisor of 28 and h.
14
Let c = 4 - 0. Suppose -5*i = -m - 30, m - 4*i = -c*m - 45. Let o = m - -10. What is the greatest common divisor of o and 45?
5
Let c = 3 - -2. Suppose -152 = -3*j + q - 5*q, -5*j + c*q = -195. Suppose -55 = -3*u - 2*u. Calculate the highest common factor of u and j.
11
Suppose 33 + 107 = 2*a. What is the highest common factor of a and 10?
10
Let v be 5/((-4)/2 - -1). Let f be 1 + -1 + v/(-1). Calculate the greatest common factor of f and 55.
5
Let b(t) = -t**2 - 4*t. Let i be b(-4). Suppose i = 3*n - 178 + 58. Calculate the greatest common divisor of n and 8.
8
Suppose 0 = 4*p - 5*z - 147, -3*p = -2*z + 5*z - 90. Suppose -17 = -12*o + 19. What is the highest common factor of p and o?
3
Let f(r) = -2*r**3 - 5*r**2 - 2*r - 6. Let n be f(-5). Let l = 189 - n. Calculate the greatest common divisor of 24 and l.
12
Let q be -2*(0 - 2/4). Let g(k) = -5 - 4 + 7 + k + 12. Let y be g(-9). What is the highest common factor of q and y?
1
Let t(x) be the first derivative of x**2/2 - 4*x + 3. Let r be t(10). Calculate the highest common factor of r and 3.
3
Suppose 4*v = -2*n + 78, -2*v = 9*n - 4*n - 19. Calculate the greatest common diviso